13
Let h(l) = -l**2 + l. Let m(n) = -2*n**2 - n. Let q = -47 + 44. Let t(s) = q*h(s) + m(s). Let i be t(5). Calculate the highest common factor of 20 and i.
5
Suppose 24 - 2 = 2*x. Let a = 10 - 3. Suppose 165 = -a*z + 10*z. What is the greatest common factor of x and z?
11
Let u(y) be the third derivative of y**4/3 + 136*y**3/3 + 84*y**2. Let i be u(-21). What is the highest common factor of i and 26?
26
Let k be (2/3)/2*(-22 - -31). Suppose -3*o = 5*l - 1579 + 241, 794 = k*l + 4*o. What is the greatest common divisor of l and 40?
10
Let u(k) = 821*k - 20. Let a be u(-1). Let m = a - -1772. What is the greatest common divisor of 49 and m?
49
Let r(m) = 18 + 14 + 53*m**2 - 16*m - 27*m**2. Let l be r(2). Calculate the greatest common factor of 78 and l.
26
Let r(v) = -9*v + 10. Let a be r(2). Let t be 21/(-4)*(a + (-64)/(-12)). Calculate the greatest common divisor of t and 2.
2
Let m = -2501 - -2701. Calculate the greatest common factor of m and 8.
8
Suppose -1091 = 8*q + 573. Let u = -185 - q. What is the highest common divisor of 437 and u?
23
Let a be 425 - 2 - 5 - -3. Let n = -415 + a. Calculate the greatest common divisor of n and 2.
2
Suppose 2*n + 2*z - 20 = 3*z, -8 = -n + z. Suppose 1322 - 218 = n*u. What is the greatest common factor of 23 and u?
23
Let g = 1946 + -1547. What is the highest common factor of 684 and g?
57
Let x = -3567 - -3571. What is the greatest common divisor of x and 1036?
4
Let d be ((-980)/25)/(10/(-25)). Calculate the highest common factor of d and 1225.
49
Let m(r) = 4*r - 10. Let l be m(7). Suppose -4*d = -5*d + 5*o + 120, -d + 4*o = -123. Let h = d - 63. What is the greatest common factor of l and h?
18
Suppose -12 = -2*j + x, -25 = -3*j + 8*x - 3*x. Suppose 180 = 9*g - j*g. What is the highest common factor of g and 360?
45
Let w be (11 + 597/9)*(-6)/(-2). Suppose 5*r - 2*r - 9 = 0, -r = -x + 13. Calculate the highest common divisor of x and w.
8
Suppose -2408 = -33*z + 4192. What is the highest common factor of z and 5100?
100
Let r be (2 - 1)/(3/(-102)). Let p be (r/(-6))/(10/30). Suppose 0 = -2*x + 3*y + 14 - 6, 3*x - 2*y = p. What is the highest common divisor of 7 and x?
7
Suppose 23*s - 62 = 30. Suppose h = -5*r + 2568, 3*r = -2*h + s*h + 1533. What is the greatest common factor of 57 and r?
57
Let x = -191 - -460. Let f = -8 + x. Calculate the highest common divisor of f and 9.
9
Suppose 0 = -5*b - 2*l + 3287, 3*b = 4*l - 9*l + 1995. What is the highest common divisor of b and 131?
131
Let m(j) = 2*j**3 + 2. Let z be m(2). Let b be ((-8)/5)/(-13*28/(-117390)). Let a = -480 - b. Calculate the highest common factor of a and z.
18
Let m(v) = 18*v + 2. Suppose -20*i = -27 - 73. Let w be m(i). What is the highest common divisor of w and 46?
46
Suppose 0 = 30*s + 60 - 0. Let m be s - (0 - 64/8). What is the greatest common factor of 582 and m?
6
Let t = 62 - 60. Let q be t/12 + 11/(66/1427). Calculate the highest common divisor of q and 14.
14
Suppose -79436 = -137*x + 2*x + 41659. Calculate the greatest common divisor of x and 23.
23
Let m = 45949 + -23464. What is the highest common divisor of m and 15?
15
Let k = -1 + -34. Let c be (-3)/5 - 1911/k. What is the greatest common divisor of c and 2?
2
Let d(m) be the third derivative of m**5/20 - 11*m**4/24 + 2*m**3 + 16*m**2. Let b be d(5). What is the greatest common factor of 64 and b?
32
Suppose 2697 = -11*p + 2895. Let y be -2 - (-1 + 1) - -82. Let v = y + -44. Calculate the highest common divisor of v and p.
18
Suppose 0 = 27*g - 550 - 584. Calculate the greatest common divisor of 448 and g.
14
Let y = 16124 + -16094. Calculate the greatest common factor of y and 1030.
10
Let t(w) be the first derivative of -w**4/4 - 8*w**3 - 25*w**2/2 - 14*w - 36. Let z be t(-23). What is the highest common factor of z and 12?
4
Let a(v) = v + 27. Let s be a(18). Suppose -1377 = -2*p + s. Calculate the highest common divisor of 9 and p.
9
Suppose -3*w + 7168 + 1837 = 35. What is the greatest common divisor of w and 260?
130
Suppose 97*y - 134458 = 18*y. What is the greatest common factor of 46 and y?
46
Suppose -712 = -5*o - 4*g, -o - 26*g + 137 = -27*g. Calculate the greatest common divisor of 252 and o.
28
Suppose 0 = -401*i + 405*i - 256. Suppose 2*m - 6 = m. Let a = m - -2. What is the highest common divisor of i and a?
8
Suppose 6 = 3*u, 2*d - 4 = -u - 6. Let k be (1125/(-30))/(-25)*14. Let p be (k*d/(-6))/1. Calculate the highest common factor of p and 2.
1
Let y be -1 + 36/(-162) + (-11)/(-9) + 6490. Calculate the highest common factor of 220 and y.
110
Let j be ((-375)/20)/((-3)/(1 + 11)). Let u = j - 6. What is the highest common divisor of u and 115?
23
Let o(d) = d**3 + 23*d**2 + 24*d + 43. Let u be o(-22). Let p be (7/49)/(u/(-21)). Suppose -8*y + 3*y + 75 = 0. What is the highest common divisor of y and p?
3
Let v(x) = 13*x**3 + 78*x**2 + 9*x + 8. Let l be v(-5). Calculate the greatest common divisor of l and 1764.
36
Let v be 2/1 + (-5 - (-6 + 0)). Let q be 40/60 + (-815)/v. Let c = 399 + q. What is the highest common factor of c and 8?
8
Let w be (-12)/16*(5 + 43). Let j(d) = -d**3 - 36*d**2 - 2*d - 42. Let t be j(w). Suppose -f + 25 + 20 = 0. What is the greatest common factor of t and f?
15
Suppose 11 = -2*b + 35. Suppose b*r = 21*r - 2079. Calculate the greatest common divisor of r and 33.
33
Suppose -2*x = -v - 164, -3*v = -2*x - 44 + 204. Suppose -3*z - x - 32 = -2*h, 0 = -5*z + 5. Calculate the highest common factor of 295 and h.
59
Suppose -7*w + 4*r = -8*w + 16, 0 = 5*w + 2*r - 26. Let l be 12*296/36*6/w. Calculate the highest common factor of 37 and l.
37
Suppose 5 = 54*z - 53*z. Suppose v - 103 = -2*n, -9*v = -z*v - 4. What is the greatest common factor of n and 51?
51
Let z = 13532 - 13445. What is the greatest common divisor of z and 928?
29
Let s be (-86)/(-4) - (-3)/(-2). Suppose 6*b - b - 5 = 0. Suppose 0 = h - b - 159. Calculate the highest common factor of h and s.
20
Let r(t) = t**2 + 8*t - 2. Let k be r(-8). Let n be (k/4)/((-5)/50). Suppose -13 - n = -3*y. What is the highest common divisor of 66 and y?
6
Let v(u) = 2*u + 122. Let f be v(-19). Suppose -2*p + 134 = 2*p + 5*c, 2*c + 184 = 5*p. Calculate the highest common factor of f and p.
12
Let i(x) = -4*x**2 - 61*x - 109. Let m be i(-8). What is the highest common factor of m and 4141?
41
Suppose 6*x + 2410 = -4*x. Let w = x - -271. What is the greatest common divisor of 480 and w?
30
Suppose 0 = 3*c - 4*q + 29656 - 87520, q - 19302 = -c. Calculate the highest common divisor of c and 134.
134
Let k(u) = -u**3 - 19*u**2 + 40*u + 16. Let l be k(-21). Suppose 0 = -37*g + l*g - 4788. Calculate the highest common divisor of 24 and g.
12
Suppose -54*l + 39342 = 35*l - 115785. What is the highest common divisor of l and 105?
21
Suppose 5*t - 4*i - 548 = 2*t, 4*t - 728 = 4*i. Suppose 4*s + b - 5*b - 164 = 0, 3*b - 192 = -4*s. What is the greatest common divisor of t and s?
45
Let q be 3507442/237 - (-15)/9. What is the highest common factor of 82 and q?
41
Let n = 5769 - 3709. What is the highest common divisor of 4 and n?
4
Suppose 273*f + 350*f - 135*f = 6832. Let s(n) = n**2 + 6*n + 7. Let j be s(-5). Suppose -j*a + 224 = 2*a. Calculate the greatest common factor of f and a.
14
Let c = 7126 + -5076. Calculate the highest common factor of c and 100.
50
Let a = 7554 - 7519. Calculate the greatest common factor of 10115 and a.
35
Suppose -v + 2*m = -2*m, 0 = 3*m. Let p be (-1 - -4) + 0 + v. Suppose 3*k = c + 1, -3*k + 4*k - p = 0. What is the highest common factor of c and 2?
2
Suppose -4*h = 3*g - 32, -22*g + 4*h = -18*g - 80. Calculate the highest common divisor of 784 and g.
16
Let l be (10557/9384)/(1 + 26/(-32)). Let w = -364 - -565. What is the highest common factor of w and l?
3
Suppose 0 = 11*i - 4*i. Suppose i = -21*l - 6*l + 3402. What is the greatest common factor of 14 and l?
14
Let q = 38 + -49. Let o be (-1 - q)*(-16)/(-32). Let m be (-247)/(-7) + (-14)/49. Calculate the greatest common factor of o and m.
5
Suppose 421*j - 437*j - 96 = 0. Let t be (-4)/j - (-85746)/279. What is the greatest common divisor of 42 and t?
14
Let q(n) = -n**3 + 19*n**2 - 47*n + 86. Let g be q(12). Calculate the greatest common divisor of g and 40.
10
Let x = 303 - 267. Suppose 0 = 2*l - d - 5